{"id":42,"date":"2017-12-03T14:36:20","date_gmt":"2017-12-03T13:36:20","guid":{"rendered":"http:\/\/la-dante.fr\/?page_id=42"},"modified":"2025-12-15T16:58:03","modified_gmt":"2025-12-15T15:58:03","slug":"bureau-executif","status":"publish","type":"page","link":"https:\/\/ladante.fr\/paris\/bureau-executif\/","title":{"rendered":"BUREAU EX\u00c9CUTIF"},"content":{"rendered":"<p>[vc_row][vc_column][vc_column_text]<\/p>\n<p style=\"margin-bottom: -1%; font-family: Helvetica, Arial, 'Open sans'; font-size: 2em; font-weight: 400; color: #bc432b; text-transform: uppercase; border-bottom: 2px solid #bc432b; text-align: left;\">bureau ex\u00e9cutif<\/p>\n<p>[\/vc_column_text][vc_column_text css_animation=\u00a0\u00bbfadeIn\u00a0\u00bb][vc_row][vc_column width=\u00a0\u00bb1\/1&Prime;][vc_column_text]<\/p>\n<h4>Membres du Bureau Ex\u00e9cutif \u00e9lus le 19 Juin 2025 :<\/h4>\n<p><strong>Pr\u00e9sident d&rsquo;Honneur<\/strong>, Michele CANONICA,&nbsp;<em>Journaliste (<a class=\"wf_file jcepopup noicon\" title=\"CV Michele Canonica\" href=\"http:\/\/ladante.fr\/wp-content\/uploads\/2018\/02\/Scheda-Michele-Canonica-1.pdf\" target=\"_blank\" rel=\"width[1024];height[768] noopener noreferrer\"><img class=\"wf_file_icon\" src=\"http:\/\/ladante.fr\/wp-content\/uploads\/2018\/02\/pdf-1-e1517829938664.png\" alt=\"pdf\"><\/a><a href=\"http:\/\/ladante.fr\/wp-content\/uploads\/2019\/10\/Michele-Canonica-Pr\u00e9sident-dhonneur.pdf\" target=\"_blank\" rel=\"noopener noreferrer\"><span class=\"wf_file_text\"><span style=\"color: #0000ff;\">En savoir plus<\/span><\/span><\/a>)<\/em><\/p>\n<table class=\"tab-bureau\" style=\"border: 1.8px solid #000000; height: 579px;\" border=\"0\" width=\"703\" cellspacing=\"2\" cellpadding=\"3\" align=\"left\">\n<tbody>\n<tr valign=\"middle\">\n<td scope=\"row\" valign=\"top\"><strong>Pr\u00e9sident<\/strong><\/td>\n<td scope=\"row\" valign=\"top\"><strong><span style=\"color: #993300;\">Jean MUSITELLI, <em>Ancien Ambassadeur<\/em><\/span><\/strong>&nbsp;<img class=\"wf_file_icon\" src=\"http:\/\/ladante.fr\/wp-content\/uploads\/2018\/02\/pdf-1-e1517829938664.png\" alt=\"pdf\"><\/td>\n<\/tr>\n<tr>\n<td scope=\"row\" valign=\"top\"><strong>Vice-Pr\u00e9sident ex\u00e9cutif<\/strong><\/p>\n<p><strong>Vice-Pr\u00e9sidents<\/strong><\/td>\n<td scope=\"row\" valign=\"top\"><strong>Roberto GIACONE,&nbsp;<em>Professeur universitaire <\/em><\/strong><\/p>\n<p><strong>Marussa GRAVAGNUOLO,&nbsp;<em>Galeriste d&rsquo;art contemporain<\/em><\/strong><\/p>\n<p><strong>Paolo ROMANI,&nbsp;<em>Journaliste<\/em><\/strong><\/p>\n<p><strong>Fabrizio Maria ROMANO,&nbsp;<em>Avocat<\/em><\/strong><\/td>\n<\/tr>\n<tr>\n<td scope=\"row\" valign=\"top\"><strong>Tr\u00e9sorier<\/strong><\/td>\n<td scope=\"row\" valign=\"top\"><strong>Xavier POULET-GOFFARD,&nbsp;<em>Commissaire aux Comptes<\/em><\/strong><\/td>\n<\/tr>\n<tr>\n<td scope=\"row\" valign=\"top\"><strong>Membres<\/strong><\/td>\n<td scope=\"row\" valign=\"top\"><strong>Huguette HATEM, <em>Traductrice<\/em><\/strong><\/p>\n<p><strong>Lodovico LUCIOLLI, <em>Journaliste<\/em><\/strong><\/p>\n<p><strong>Christian MASSET, <em>Ancien Ambassadeur<\/em><\/strong><\/p>\n<p><strong>Roberta MALAVASI, <em>Commissaire d&rsquo;exposition<\/em><\/strong><\/p>\n<p><strong>Michel-Yves PERRIN, <em>Directeur d&rsquo;Etudes \u00e0 l&rsquo;EPHE<\/em><\/strong><\/p>\n<p><strong>Bruno RACINE, <em>Haut Fonctionnaire et \u00e9crivain fran\u00e7ais<\/em><\/strong><\/p>\n<p><strong>Florence RAUT,&nbsp;<em>Responsable de LA LIBRERIA<\/em><\/strong><\/p>\n<p><strong>Elena ROSSI, <em>Editrice et traductrice<\/em><\/strong><\/p>\n<p><strong>Gennaro TOSCANO, <em>Historien de l&rsquo;Art<\/em><\/strong><\/p>\n<p><strong>Anna VIVANTE,&nbsp;<em>Arch\u00e9ologue et photographe<\/em><\/strong><\/p>\n<p><strong>Jacqueline ZANA VICTOR, <em>Charg\u00e9e relations Paris-Rome dans le 13eme<\/em><\/strong><\/td>\n<\/tr>\n<tr>\n<td scope=\"row\" valign=\"top\"><strong>Secr\u00e9taire G\u00e9n\u00e9ral<\/strong><\/td>\n<td scope=\"row\" valign=\"top\"><strong>Sabrina CERCHIARO,&nbsp;<em>Directeur de mission<\/em><\/strong><\/td>\n<\/tr>\n<\/tbody>\n<\/table>\n<p style=\"text-align: left;\"><strong>Simona FRASCATI<\/strong>, Responsable Administrative et P\u00e9dagogique<\/p>\n<p style=\"text-align: left;\"><strong>Valentina FRULIO<\/strong>, Responsable Certification PLIDA et Attestation ADA<\/p>\n<p style=\"text-align: left;\"><strong>Agnese PAGANINI<\/strong>, Charg\u00e9e de communication et secr\u00e9tariat<\/p>\n<p>[\/vc_column_text][\/vc_column][\/vc_row]<\/p>\n","protected":false},"excerpt":{"rendered":"<p>[vc_row][vc_column][vc_column_text] bureau ex\u00e9cutif [\/vc_column_text][vc_column_text css_animation=\u00a0\u00bbfadeIn\u00a0\u00bb][vc_row][vc_column width=\u00a0\u00bb1\/1&Prime;][vc_column_text] Membres du Bureau Ex\u00e9cutif \u00e9lus le 19 Juin 2025 : Pr\u00e9sident d&rsquo;Honneur, Michele CANONICA,&nbsp;Journaliste (En savoir plus) Pr\u00e9sident Jean MUSITELLI, Ancien Ambassadeur&nbsp; Vice-Pr\u00e9sident ex\u00e9cutif Vice-Pr\u00e9sidents Roberto GIACONE,&nbsp;Professeur universitaire Marussa GRAVAGNUOLO,&nbsp;Galeriste d&rsquo;art contemporain Paolo ROMANI,&nbsp;Journaliste Fabrizio Maria ROMANO,&nbsp;Avocat Tr\u00e9sorier Xavier POULET-GOFFARD,&nbsp;Commissaire aux Comptes Membres Huguette HATEM, Traductrice Lodovico LUCIOLLI, Journaliste [&hellip;]<\/p>\n","protected":false},"author":4,"featured_media":0,"parent":0,"menu_order":0,"comment_status":"closed","ping_status":"closed","template":"","meta":{"disable_featured_image":false,"_themeisle_gutenberg_block_has_review":false},"yoast_head":"<!-- This site is optimized with the Yoast SEO plugin v20.1 - https:\/\/yoast.com\/wordpress\/plugins\/seo\/ -->\n<title>BUREAU EX\u00c9CUTIF - La Dante - Comit\u00e9 de Paris<\/title>\n<meta name=\"robots\" content=\"index, follow, max-snippet:-1, max-image-preview:large, max-video-preview:-1\" \/>\n<link rel=\"canonical\" href=\"https:\/\/ladante.fr\/paris\/bureau-executif\/\" \/>\n<meta property=\"og:locale\" content=\"fr_FR\" \/>\n<meta property=\"og:type\" content=\"article\" \/>\n<meta property=\"og:title\" content=\"BUREAU EX\u00c9CUTIF - La Dante - Comit\u00e9 de Paris\" \/>\n<meta property=\"og:description\" content=\"[vc_row][vc_column][vc_column_text] bureau ex\u00e9cutif [\/vc_column_text][vc_column_text css_animation=\u00a0\u00bbfadeIn\u00a0\u00bb][vc_row][vc_column width=\u00a0\u00bb1\/1&Prime;][vc_column_text] Membres du Bureau Ex\u00e9cutif \u00e9lus le 19 Juin 2025 : Pr\u00e9sident d&rsquo;Honneur, Michele CANONICA,&nbsp;Journaliste (En savoir plus) Pr\u00e9sident Jean MUSITELLI, Ancien Ambassadeur&nbsp; Vice-Pr\u00e9sident ex\u00e9cutif Vice-Pr\u00e9sidents Roberto GIACONE,&nbsp;Professeur universitaire Marussa GRAVAGNUOLO,&nbsp;Galeriste d&rsquo;art contemporain Paolo ROMANI,&nbsp;Journaliste Fabrizio Maria ROMANO,&nbsp;Avocat Tr\u00e9sorier Xavier POULET-GOFFARD,&nbsp;Commissaire aux Comptes Membres Huguette HATEM, Traductrice Lodovico LUCIOLLI, Journaliste [&hellip;]\" \/>\n<meta property=\"og:url\" content=\"https:\/\/ladante.fr\/paris\/bureau-executif\/\" \/>\n<meta property=\"og:site_name\" content=\"La Dante - Comit\u00e9 de Paris\" \/>\n<meta property=\"article:modified_time\" content=\"2025-12-15T15:58:03+00:00\" \/>\n<meta property=\"og:image\" content=\"http:\/\/ladante.fr\/wp-content\/uploads\/2018\/02\/pdf-1-e1517829938664.png\" \/>\n<meta name=\"twitter:card\" content=\"summary_large_image\" \/>\n<meta name=\"twitter:label1\" content=\"Dur\u00e9e de lecture estim\u00e9e\" \/>\n\t<meta name=\"twitter:data1\" content=\"2 minutes\" \/>\n<script type=\"application\/ld+json\" class=\"yoast-schema-graph\">{\"@context\":\"https:\/\/schema.org\",\"@graph\":[{\"@type\":\"WebPage\",\"@id\":\"https:\/\/ladante.fr\/paris\/bureau-executif\/\",\"url\":\"https:\/\/ladante.fr\/paris\/bureau-executif\/\",\"name\":\"BUREAU EX\u00c9CUTIF - La Dante - Comit\u00e9 de Paris\",\"isPartOf\":{\"@id\":\"https:\/\/ladante.fr\/paris\/#website\"},\"datePublished\":\"2017-12-03T13:36:20+00:00\",\"dateModified\":\"2025-12-15T15:58:03+00:00\",\"breadcrumb\":{\"@id\":\"https:\/\/ladante.fr\/paris\/bureau-executif\/#breadcrumb\"},\"inLanguage\":\"fr-FR\",\"potentialAction\":[{\"@type\":\"ReadAction\",\"target\":[\"https:\/\/ladante.fr\/paris\/bureau-executif\/\"]}]},{\"@type\":\"BreadcrumbList\",\"@id\":\"https:\/\/ladante.fr\/paris\/bureau-executif\/#breadcrumb\",\"itemListElement\":[{\"@type\":\"ListItem\",\"position\":1,\"name\":\"Accueil\",\"item\":\"https:\/\/ladante.fr\/paris\/\"},{\"@type\":\"ListItem\",\"position\":2,\"name\":\"BUREAU EX\u00c9CUTIF\"}]},{\"@type\":\"WebSite\",\"@id\":\"https:\/\/ladante.fr\/paris\/#website\",\"url\":\"https:\/\/ladante.fr\/paris\/\",\"name\":\"La Dante - Comit\u00e9 de Paris\",\"description\":\"\",\"potentialAction\":[{\"@type\":\"SearchAction\",\"target\":{\"@type\":\"EntryPoint\",\"urlTemplate\":\"https:\/\/ladante.fr\/paris\/?s={search_term_string}\"},\"query-input\":\"required name=search_term_string\"}],\"inLanguage\":\"fr-FR\"}]}<\/script>\n<!-- \/ Yoast SEO plugin. -->","yoast_head_json":{"title":"BUREAU EX\u00c9CUTIF - La Dante - Comit\u00e9 de Paris","robots":{"index":"index","follow":"follow","max-snippet":"max-snippet:-1","max-image-preview":"max-image-preview:large","max-video-preview":"max-video-preview:-1"},"canonical":"https:\/\/ladante.fr\/paris\/bureau-executif\/","og_locale":"fr_FR","og_type":"article","og_title":"BUREAU EX\u00c9CUTIF - La Dante - Comit\u00e9 de Paris","og_description":"[vc_row][vc_column][vc_column_text] bureau ex\u00e9cutif [\/vc_column_text][vc_column_text css_animation=\u00a0\u00bbfadeIn\u00a0\u00bb][vc_row][vc_column width=\u00a0\u00bb1\/1&Prime;][vc_column_text] Membres du Bureau Ex\u00e9cutif \u00e9lus le 19 Juin 2025 : Pr\u00e9sident d&rsquo;Honneur, Michele CANONICA,&nbsp;Journaliste (En savoir plus) Pr\u00e9sident Jean MUSITELLI, Ancien Ambassadeur&nbsp; Vice-Pr\u00e9sident ex\u00e9cutif Vice-Pr\u00e9sidents Roberto GIACONE,&nbsp;Professeur universitaire Marussa GRAVAGNUOLO,&nbsp;Galeriste d&rsquo;art contemporain Paolo ROMANI,&nbsp;Journaliste Fabrizio Maria ROMANO,&nbsp;Avocat Tr\u00e9sorier Xavier POULET-GOFFARD,&nbsp;Commissaire aux Comptes Membres Huguette HATEM, Traductrice Lodovico LUCIOLLI, Journaliste [&hellip;]","og_url":"https:\/\/ladante.fr\/paris\/bureau-executif\/","og_site_name":"La Dante - Comit\u00e9 de Paris","article_modified_time":"2025-12-15T15:58:03+00:00","og_image":[{"url":"http:\/\/ladante.fr\/wp-content\/uploads\/2018\/02\/pdf-1-e1517829938664.png"}],"twitter_card":"summary_large_image","twitter_misc":{"Dur\u00e9e de lecture estim\u00e9e":"2 minutes"},"schema":{"@context":"https:\/\/schema.org","@graph":[{"@type":"WebPage","@id":"https:\/\/ladante.fr\/paris\/bureau-executif\/","url":"https:\/\/ladante.fr\/paris\/bureau-executif\/","name":"BUREAU EX\u00c9CUTIF - La Dante - Comit\u00e9 de Paris","isPartOf":{"@id":"https:\/\/ladante.fr\/paris\/#website"},"datePublished":"2017-12-03T13:36:20+00:00","dateModified":"2025-12-15T15:58:03+00:00","breadcrumb":{"@id":"https:\/\/ladante.fr\/paris\/bureau-executif\/#breadcrumb"},"inLanguage":"fr-FR","potentialAction":[{"@type":"ReadAction","target":["https:\/\/ladante.fr\/paris\/bureau-executif\/"]}]},{"@type":"BreadcrumbList","@id":"https:\/\/ladante.fr\/paris\/bureau-executif\/#breadcrumb","itemListElement":[{"@type":"ListItem","position":1,"name":"Accueil","item":"https:\/\/ladante.fr\/paris\/"},{"@type":"ListItem","position":2,"name":"BUREAU EX\u00c9CUTIF"}]},{"@type":"WebSite","@id":"https:\/\/ladante.fr\/paris\/#website","url":"https:\/\/ladante.fr\/paris\/","name":"La Dante - Comit\u00e9 de Paris","description":"","potentialAction":[{"@type":"SearchAction","target":{"@type":"EntryPoint","urlTemplate":"https:\/\/ladante.fr\/paris\/?s={search_term_string}"},"query-input":"required name=search_term_string"}],"inLanguage":"fr-FR"}]}},"_links":{"self":[{"href":"https:\/\/ladante.fr\/paris\/wp-json\/wp\/v2\/pages\/42"}],"collection":[{"href":"https:\/\/ladante.fr\/paris\/wp-json\/wp\/v2\/pages"}],"about":[{"href":"https:\/\/ladante.fr\/paris\/wp-json\/wp\/v2\/types\/page"}],"author":[{"embeddable":true,"href":"https:\/\/ladante.fr\/paris\/wp-json\/wp\/v2\/users\/4"}],"replies":[{"embeddable":true,"href":"https:\/\/ladante.fr\/paris\/wp-json\/wp\/v2\/comments?post=42"}],"version-history":[{"count":15,"href":"https:\/\/ladante.fr\/paris\/wp-json\/wp\/v2\/pages\/42\/revisions"}],"predecessor-version":[{"id":6686,"href":"https:\/\/ladante.fr\/paris\/wp-json\/wp\/v2\/pages\/42\/revisions\/6686"}],"wp:attachment":[{"href":"https:\/\/ladante.fr\/paris\/wp-json\/wp\/v2\/media?parent=42"}],"curies":[{"name":"wp","href":"https:\/\/api.w.org\/{rel}","templated":true}]}}