{"id":503,"date":"2017-12-19T10:40:08","date_gmt":"2017-12-19T09:40:08","guid":{"rendered":"http:\/\/la-dante.fr\/?page_id=503"},"modified":"2018-02-09T19:43:19","modified_gmt":"2018-02-09T18:43:19","slug":"liens-utiles","status":"publish","type":"page","link":"https:\/\/ladante.fr\/paris\/liens-utiles\/","title":{"rendered":"LIENS"},"content":{"rendered":"<p>[vc_row][vc_column][vc_column_text]<\/p>\n<p style=\"margin-bottom: -1%; font-family: Helvetica, Arial, 'Open sans'; font-size: 2em; font-weight: 400; color: #bc432b; text-transform: uppercase; border-bottom: 2px solid #bc432b; text-align: left;\">liens<\/p>\n<p>[\/vc_column_text][vc_column_text]<\/p>\n<h4>Institutions<\/h4>\n<h5>Ambassade d&rsquo;Italie en France<\/h5>\n<p>51, rue de Varenne 75007 Paris &#8211; T\u00e9l. 01 49 54 03 00<br \/>\nSite web : <a style=\"color: #bc432b;\" href=\"http:\/\/www.ambparigi.esteri.it\/ambasciata_parigi\/it\/\" target=\"_blank\" rel=\"noopener\">www.ambparigi.esteri.it<\/a><\/p>\n<h5>D\u00e9l\u00e9gation Permanente de l&rsquo;Italie aupr\u00e8s des Organisations Internationales<\/h5>\n<p>73, rue de Grenelle 75007 PARIS &#8211; T\u00e9l. 01 44 39 21 50 &#8211; Fax 01 42 84 08 59<br \/>\nSite web : <a style=\"color: #bc432b;\" href=\"http:\/\/www.delegazioneunesco.esteri.it\/rappunesco\/it\/\" target=\"_blank\" rel=\"noopener\">www.delegazioneunesco.esteri.it<\/a>, <a style=\"color: #bc432b;\" href=\"http:\/\/www.italiarapparigi.esteri.it\/rapp_ocse\/it\/\" target=\"_blank\" rel=\"noopener\">www.italiarapparigi.esteri.it<\/a><br \/>\nE-mail : <a href=\"mailto:dl.italy@unesco-delegations.org\">dl.italy@unesco-delegations.org<\/a><\/p>\n<h5>Consulat G\u00e9n\u00e9ral d&rsquo;Italie \u00e0 Paris<\/h5>\n<p>5, boulevard Emile Augier 75116 Paris &#8211; T\u00e9l. 01 44 30 47 00<br \/>\nSite web : <a style=\"color: #bc432b;\" href=\"http:\/\/www.consparigi.esteri.it\/consolato_parigi\/it\/\" target=\"_blank\" rel=\"noopener\">www.consparigi.esteri.it<\/a><\/p>\n<h5>ICE France &#8211; Institut italien pour le Commerce Ext\u00e9rieur<\/h5>\n<p>44, rue Paul Val\u00e9ry \/ 23, avenue Foch 75116 Paris &#8211; T\u00e9l. 01 53 75 70 00<br \/>\nSite web : <a style=\"color: #bc432b;\" href=\"http:\/\/www.italtrade.com\/countries\/europe\/francia\/index.htm\" target=\"_blank\" rel=\"noopener\">www.italtrade.com<\/a><\/p>\n<h5>ENIT France &#8211; Office National Italien de Tourisme<\/h5>\n<p>23, rue de La Paix 75002 Paris &#8211; T\u00e9l. 01 42 66 03 96<br \/>\nSite web : <a style=\"color: #bc432b;\" href=\"http:\/\/www.enit.it\/fr\/\" target=\"_blank\" rel=\"noopener\">www.enit.it\/fr\/<\/a><\/p>\n<h5>Institut culturel italien &#8211; Istituto italiano di cultura &#8211; Parigi<\/h5>\n<p>73 Rue de Grenelle 75007 Paris &#8211; T\u00e9l. 01 44 39 49 39<br \/>\nSite web : <a style=\"color: #bc432b;\" href=\"http:\/\/www.iicparigi.esteri.it\/iic_parigi\/it\/\" target=\"_blank\" rel=\"noopener\">www.iicparigi.esteri.it<\/a><\/p>\n<h5>Societ\u00e0 Dante Alighieri &#8211; Si\u00e8ge Central<\/h5>\n<p>Piazza Firenze, 27 &#8211; 00186 Roma &#8211; T\u00e9l. +39 066 873 694 \/ 95<br \/>\nSite web : <a style=\"color: #bc432b;\" href=\"http:\/\/ladante.it\/\" target=\"_blank\" rel=\"noopener\">www.ladante.it<\/a>[\/vc_column_text][vc_empty_space height=\u00a0\u00bb1071px\u00a0\u00bb][\/vc_column][\/vc_row]<\/p>\n","protected":false},"excerpt":{"rendered":"<p>[vc_row][vc_column][vc_column_text] liens [\/vc_column_text][vc_column_text] Institutions Ambassade d&rsquo;Italie en France 51, rue de Varenne 75007 Paris &#8211; T\u00e9l. 01 49 54 03 00 Site web : www.ambparigi.esteri.it D\u00e9l\u00e9gation Permanente de l&rsquo;Italie aupr\u00e8s des Organisations Internationales 73, rue de Grenelle 75007 PARIS &#8211; T\u00e9l. 01 44 39 21 50 &#8211; Fax 01 42 84 08 59 Site web [&hellip;]<\/p>\n","protected":false},"author":4,"featured_media":0,"parent":0,"menu_order":0,"comment_status":"closed","ping_status":"closed","template":"","meta":{"disable_featured_image":false,"_themeisle_gutenberg_block_has_review":false},"yoast_head":"<!-- This site is optimized with the Yoast SEO plugin v20.1 - https:\/\/yoast.com\/wordpress\/plugins\/seo\/ -->\n<title>LIENS - La Dante - Comit\u00e9 de Paris<\/title>\n<meta name=\"robots\" content=\"index, follow, max-snippet:-1, max-image-preview:large, max-video-preview:-1\" \/>\n<link rel=\"canonical\" href=\"https:\/\/ladante.fr\/paris\/liens-utiles\/\" \/>\n<meta property=\"og:locale\" content=\"fr_FR\" \/>\n<meta property=\"og:type\" content=\"article\" \/>\n<meta property=\"og:title\" content=\"LIENS - La Dante - Comit\u00e9 de Paris\" \/>\n<meta property=\"og:description\" content=\"[vc_row][vc_column][vc_column_text] liens [\/vc_column_text][vc_column_text] Institutions Ambassade d&rsquo;Italie en France 51, rue de Varenne 75007 Paris &#8211; T\u00e9l. 01 49 54 03 00 Site web : www.ambparigi.esteri.it D\u00e9l\u00e9gation Permanente de l&rsquo;Italie aupr\u00e8s des Organisations Internationales 73, rue de Grenelle 75007 PARIS &#8211; T\u00e9l. 01 44 39 21 50 &#8211; Fax 01 42 84 08 59 Site web [&hellip;]\" \/>\n<meta property=\"og:url\" content=\"https:\/\/ladante.fr\/paris\/liens-utiles\/\" \/>\n<meta property=\"og:site_name\" content=\"La Dante - Comit\u00e9 de Paris\" \/>\n<meta property=\"article:modified_time\" content=\"2018-02-09T18:43:19+00:00\" \/>\n<meta name=\"twitter:card\" content=\"summary_large_image\" \/>\n<meta name=\"twitter:label1\" content=\"Dur\u00e9e de lecture estim\u00e9e\" \/>\n\t<meta name=\"twitter:data1\" content=\"1 minute\" \/>\n<script type=\"application\/ld+json\" class=\"yoast-schema-graph\">{\"@context\":\"https:\/\/schema.org\",\"@graph\":[{\"@type\":\"WebPage\",\"@id\":\"https:\/\/ladante.fr\/paris\/liens-utiles\/\",\"url\":\"https:\/\/ladante.fr\/paris\/liens-utiles\/\",\"name\":\"LIENS - La Dante - Comit\u00e9 de Paris\",\"isPartOf\":{\"@id\":\"https:\/\/ladante.fr\/paris\/#website\"},\"datePublished\":\"2017-12-19T09:40:08+00:00\",\"dateModified\":\"2018-02-09T18:43:19+00:00\",\"breadcrumb\":{\"@id\":\"https:\/\/ladante.fr\/paris\/liens-utiles\/#breadcrumb\"},\"inLanguage\":\"fr-FR\",\"potentialAction\":[{\"@type\":\"ReadAction\",\"target\":[\"https:\/\/ladante.fr\/paris\/liens-utiles\/\"]}]},{\"@type\":\"BreadcrumbList\",\"@id\":\"https:\/\/ladante.fr\/paris\/liens-utiles\/#breadcrumb\",\"itemListElement\":[{\"@type\":\"ListItem\",\"position\":1,\"name\":\"Accueil\",\"item\":\"https:\/\/ladante.fr\/paris\/\"},{\"@type\":\"ListItem\",\"position\":2,\"name\":\"LIENS\"}]},{\"@type\":\"WebSite\",\"@id\":\"https:\/\/ladante.fr\/paris\/#website\",\"url\":\"https:\/\/ladante.fr\/paris\/\",\"name\":\"La Dante - Comit\u00e9 de Paris\",\"description\":\"\",\"potentialAction\":[{\"@type\":\"SearchAction\",\"target\":{\"@type\":\"EntryPoint\",\"urlTemplate\":\"https:\/\/ladante.fr\/paris\/?s={search_term_string}\"},\"query-input\":\"required name=search_term_string\"}],\"inLanguage\":\"fr-FR\"}]}<\/script>\n<!-- \/ Yoast SEO plugin. -->","yoast_head_json":{"title":"LIENS - La Dante - Comit\u00e9 de Paris","robots":{"index":"index","follow":"follow","max-snippet":"max-snippet:-1","max-image-preview":"max-image-preview:large","max-video-preview":"max-video-preview:-1"},"canonical":"https:\/\/ladante.fr\/paris\/liens-utiles\/","og_locale":"fr_FR","og_type":"article","og_title":"LIENS - La Dante - Comit\u00e9 de Paris","og_description":"[vc_row][vc_column][vc_column_text] liens [\/vc_column_text][vc_column_text] Institutions Ambassade d&rsquo;Italie en France 51, rue de Varenne 75007 Paris &#8211; T\u00e9l. 01 49 54 03 00 Site web : www.ambparigi.esteri.it D\u00e9l\u00e9gation Permanente de l&rsquo;Italie aupr\u00e8s des Organisations Internationales 73, rue de Grenelle 75007 PARIS &#8211; T\u00e9l. 01 44 39 21 50 &#8211; Fax 01 42 84 08 59 Site web [&hellip;]","og_url":"https:\/\/ladante.fr\/paris\/liens-utiles\/","og_site_name":"La Dante - Comit\u00e9 de Paris","article_modified_time":"2018-02-09T18:43:19+00:00","twitter_card":"summary_large_image","twitter_misc":{"Dur\u00e9e de lecture estim\u00e9e":"1 minute"},"schema":{"@context":"https:\/\/schema.org","@graph":[{"@type":"WebPage","@id":"https:\/\/ladante.fr\/paris\/liens-utiles\/","url":"https:\/\/ladante.fr\/paris\/liens-utiles\/","name":"LIENS - La Dante - Comit\u00e9 de Paris","isPartOf":{"@id":"https:\/\/ladante.fr\/paris\/#website"},"datePublished":"2017-12-19T09:40:08+00:00","dateModified":"2018-02-09T18:43:19+00:00","breadcrumb":{"@id":"https:\/\/ladante.fr\/paris\/liens-utiles\/#breadcrumb"},"inLanguage":"fr-FR","potentialAction":[{"@type":"ReadAction","target":["https:\/\/ladante.fr\/paris\/liens-utiles\/"]}]},{"@type":"BreadcrumbList","@id":"https:\/\/ladante.fr\/paris\/liens-utiles\/#breadcrumb","itemListElement":[{"@type":"ListItem","position":1,"name":"Accueil","item":"https:\/\/ladante.fr\/paris\/"},{"@type":"ListItem","position":2,"name":"LIENS"}]},{"@type":"WebSite","@id":"https:\/\/ladante.fr\/paris\/#website","url":"https:\/\/ladante.fr\/paris\/","name":"La Dante - Comit\u00e9 de Paris","description":"","potentialAction":[{"@type":"SearchAction","target":{"@type":"EntryPoint","urlTemplate":"https:\/\/ladante.fr\/paris\/?s={search_term_string}"},"query-input":"required name=search_term_string"}],"inLanguage":"fr-FR"}]}},"_links":{"self":[{"href":"https:\/\/ladante.fr\/paris\/wp-json\/wp\/v2\/pages\/503"}],"collection":[{"href":"https:\/\/ladante.fr\/paris\/wp-json\/wp\/v2\/pages"}],"about":[{"href":"https:\/\/ladante.fr\/paris\/wp-json\/wp\/v2\/types\/page"}],"author":[{"embeddable":true,"href":"https:\/\/ladante.fr\/paris\/wp-json\/wp\/v2\/users\/4"}],"replies":[{"embeddable":true,"href":"https:\/\/ladante.fr\/paris\/wp-json\/wp\/v2\/comments?post=503"}],"version-history":[{"count":2,"href":"https:\/\/ladante.fr\/paris\/wp-json\/wp\/v2\/pages\/503\/revisions"}],"predecessor-version":[{"id":1916,"href":"https:\/\/ladante.fr\/paris\/wp-json\/wp\/v2\/pages\/503\/revisions\/1916"}],"wp:attachment":[{"href":"https:\/\/ladante.fr\/paris\/wp-json\/wp\/v2\/media?parent=503"}],"curies":[{"name":"wp","href":"https:\/\/api.w.org\/{rel}","templated":true}]}}