{"id":5534,"date":"2023-10-18T16:33:13","date_gmt":"2023-10-18T14:33:13","guid":{"rendered":"https:\/\/ladante.fr\/paris\/?page_id=5534"},"modified":"2026-02-12T19:27:04","modified_gmt":"2026-02-12T18:27:04","slug":"cours-italien-a-paris","status":"publish","type":"page","link":"https:\/\/ladante.fr\/paris\/cours-d-italien-paris\/cours-italien-a-paris\/","title":{"rendered":"Cours d&rsquo;italien \u00e0 Paris"},"content":{"rendered":"[vc_row][vc_column][vc_column_text]<h5><a href=\"https:\/\/ladante.fr\/cours-particuliers\/#1513608556231-7ece5179-d1f3\" target=\"_blank\" rel=\"noopener\"><img loading=\"lazy\" class=\"wp-image-4375 aligncenter\" src=\"https:\/\/ladante.fr\/wp-content\/uploads\/2022\/06\/Decouvrir-et-apprendre-la-langue-italienne-a-Paris.jpg\" alt=\"Cours d'italien Paris\" width=\"730\" height=\"396\" \/><\/a><\/h5>\n<h5>\u00a0<\/h5>\n<h4><strong>COURS D&rsquo;ITALIEN A PARIS<\/strong><\/h4>\n<h5><span class=\"x1xsqp64 xiy17q3 x1o6pynw x19co3pv xdj266r xjn30re xat24cr x1hb08if x2b8uid\" data-testid=\"emoji\"><span class=\"xexx8yu xcaqkgz x18d9i69 xbwkkl7 x3jgonx x1bhl96m\">\u2728<\/span><\/span> 2EME SEMESTRE \u00c0 PARTIR DU <span style=\"color: #ff0000;\">LUNDI 2 FEVRIER 2026<\/span><span style=\"color: #000000;\">\u00a0<\/span> :<\/h5>\n<h5>TOUS LES NIVEAUX &#8211; CONVERSATION\u00a0 B\/C &#8211; <span style=\"color: #3366ff;\"><a style=\"color: #3366ff;\" href=\"https:\/\/ladante.fr\/paris\/certifications\/\">CERTIFICATION PLIDA<\/a><\/span> ( PLIDA B1 per la cittadinanza italiana)<\/h5>\n<p>\u2757\ufe0f <strong>Inscrivez vous\u00a0\u00e0 nos cours d&rsquo;italien \u00e0 Paris<\/strong>\u00a0<span class=\"_5mfr\"><span class=\"_6qdm\">\ud83d\udc49<\/span><\/span> <a href=\"https:\/\/ladante.fr\/wp-content\/uploads\/2025\/07\/Fiche-Inscription-2025-2026.pdf\" target=\"_blank\" rel=\"noopener\"><span style=\"color: #0000ff;\">fiche d&rsquo;inscription 2025-2026 ICI<\/span><\/a><\/p>\n<p><span style=\"color: #bc432b;\"> <img class=\"wf_file_icon\" src=\"http:\/\/ladante.fr\/wp-content\/uploads\/2018\/02\/pdf-1-e1517829938664.png\" alt=\"pdf\" \/><a href=\"https:\/\/ladante.fr\/wp-content\/uploads\/2026\/01\/Planning-Dante-Printemps-2sem-25-26.pdf\" target=\"_blank\" rel=\"noopener\"><span style=\"color: #0000ff;\">Planning 2\u00e8me semestre cours d&rsquo;italien 2025-2026<\/span><\/a>\u00a0 \u00a0 \u00a0 \u00a0 \u00a0\u00a0<a class=\"wf_file jcepopup noicon\" title=\"Tarifs_Cours\" href=\"https:\/\/ladante.fr\/wp-content\/uploads\/2026\/02\/Calendario-2025-2026-DA-agg.pdf\" target=\"_blank\" rel=\"noopener noreferrer\" data-mediabox=\"width[1024];height[768];title[Tarifs Cours d&amp;#39;italien]\"><img class=\"wf_file_icon\" src=\"http:\/\/ladante.fr\/wp-content\/uploads\/2018\/02\/pdf-1-e1517829938664.png\" alt=\"pdf\" \/><span style=\"color: #0000ff;\">Le calendrier 2025-2026<\/span><\/a><\/span><\/p>\n<p>Contactez nous pour toute question : 01 47 05 16 26 \/ paris@ladante.fr<\/p>\n<p>Nos <strong>cours<\/strong> collectifs de <strong>langue et de culture italienne<\/strong> ont lieu\u00a0<strong>l&rsquo;apr\u00e8s-midi<\/strong>\u00a0ou\u00a0<strong>le soir<\/strong>\u00a0dans les locaux du lyc\u00e9e italien de <strong>Paris<\/strong> (dans le 7<sup>\u00e8me<\/sup>). Ils durent\u00a0<strong>1h30<\/strong>\u00a0et sont tous\u00a0<strong>dispens\u00e9s en italien<\/strong>\u00a0afin de vous permettre de\u00a0<strong>penser en italien.<br \/><\/strong>Nous prenons en compte les diff\u00e9rentes strat\u00e9gies d\u2019apprentissage\u00a0: nos groupes sont form\u00e9s d\u2019une m\u00eame tranche d\u2019\u00e2ge et nos professeurs utilisent des m\u00e9thodes diff\u00e9renci\u00e9es. Nous consacrons du temps \u00e0 chaque projet, personnel et\/ou professionnel.<\/p>\n<p><strong>Tous les cours d&rsquo;italien de La Dante de Paris<\/strong><\/p>\n<ul>\n<li>sont \u00e9ligibles au titre de la formation professionnelle<\/li>\n<li>peuvent \u00eatre financ\u00e9es par les OPCA (AFDAS, Agefos PME, FIAFEC, FORCO&#8230;)<\/li>\n<li>sont compatibles avec le <strong>C.P.F<\/strong> (Compte Personnel de Formation)<\/li>\n<\/ul>\n<p>Enregistrement n\u00b0 11 75 41694 75<\/p>\n<hr \/>\n<h4>COURS D&rsquo;ITALIEN A PARIS, LES HORAIRES DE NOS COURS COLLECTIFS<\/h4>\n<p>Nous disposons de 3 tranches horaires pour les cours collectifs :<\/p>\n<p>14h45 &#8211; 16h15\/ 16h30 &#8211; 18h00\/ 19h00 &#8211; 20h30<\/p>\n<p><a href=\"https:\/\/ladante.fr\/wp-content\/uploads\/2026\/01\/Planning-2eme-semestre-2025-2026.png\" target=\"_blank\" rel=\"noopener\"><img loading=\"lazy\" class=\"size-full wp-image-6388 aligncenter\" src=\"https:\/\/ladante.fr\/wp-content\/uploads\/2026\/01\/Planning-2eme-semestre-2025-2026.png\" alt=\"Cours d'italien \u00e0 Paris\" width=\"963\" height=\"547\" \/><\/a><\/p>\n<p>\u2757\ufe0fSi vous \u00eates int\u00e9ress\u00e9s, nous vous conseillons de vous inscrire vite (places limit\u00e9es) : <a href=\"http:\/\/ladante.fr\/cours-particuliers\/#1513608556231-7ece5179-d1f3\" target=\"_blank\" rel=\"noopener noreferrer\"><span style=\"color: #0000ff;\">Formulaire d&rsquo;inscription aux cours<\/span><\/a><\/p>\n<hr \/>\n<h4>COMMENT S&rsquo;INSCRIRE \u00c0 NOS COURS D&rsquo;ITALIEN \u00c0 PARIS :<\/h4>\n<ul>\n<li><strong>Au secr\u00e9tariat sur rendez-vous<\/strong><\/li>\n<\/ul>\n<p>Apr\u00e8s prise de rendez-vous (<span style=\"color: #0000ff;\">paris@ladante.fr<\/span>), nous vous attendrons au si\u00e8ge de La Dante Paris ( 12bis, rue S\u00e9dillot, 75007 &#8211; Paris ) pour vous fournir toutes les informations n\u00e9cessaires \u00e0 votre inscription \u00e0 nos cours (\u00e0 pr\u00e9voir un test de niveau \u00e9crit et oral si vous souhaitez int\u00e9grer un groupe non \u00ab\u00a0d\u00e9butant\u00a0\u00bb niveau A1.1).<\/p>\n<p>Pour finaliser votre inscription au secr\u00e9tariat, nous vous rappelons que nous acceptons les paiements uniquement par ch\u00e8que bancaire (pas de carte bancaire).<\/p>\n<ul>\n<li><strong>Par la poste<\/strong><\/li>\n<\/ul>\n<p>Veuillez nous envoyer par la poste ( 12bis, rue S\u00e9dillot, 75007 &#8211; Paris ) votre\u00a0fiche d&rsquo;inscription et le ou les ch\u00e8ques correspondant \u00e0 votre (vos) cours choisi(s).<\/p>\n<p>Dans ce cas, merci \u00e9galement de bien vouloir nous envoyer un mail (<span style=\"color: #0000ff;\">paris@ladante.fr<\/span>) pour nous indiquer que vous nous avez envoy\u00e9 votre inscription par courrier.<br \/>* Ch\u00e8que(s) \u00e0 l\u2019ordre \u00ab Dante\u00a0Alighieri &#8211; Comit\u00e9 de Paris \u00bb<\/p>\n<ul>\n<li><strong>Par mail\u00a0<\/strong><\/li>\n<\/ul>\n<p>Veuillez nous envoyer un mail ( <span style=\"color: #0000ff;\">paris@ladante.fr<\/span> ) avec la fiche d&rsquo;inscription et l&rsquo;<strong>attestation du virement bancaire<\/strong> en pi\u00e8ce jointe.<\/p>\n<p>Dans ce cas, nous vous rappelons que le paiement par virement bancaire s&rsquo;effectue en une seule fois pour la totalit\u00e9 de l&rsquo;inscription (<strong> soit 350\u20ac, 635\u20ac, 1125\u20ac adh\u00e9sion \u00e0 l&rsquo;association comprise, \u00e0 renouveler annuellement, ou 315\u20ac, 600\u20ac, 1090\u20ac si vous avez d\u00e9j\u00e0 pay\u00e9 l&rsquo;adh\u00e9sion pour l&rsquo;ann\u00e9e scolaire en cours<\/strong>).<br \/>Virement<\/p>\n<p>Association Dante Alighieri<\/p>\n<p>MONTE PASCHI BANQUE<br \/>IBAN\u00a0FR76 3047 8000 0102 1045 4600 189<br \/>BIC MONTFRPPXXX<\/p>\n<p>* Indiquer le(s) cours choisi(s) dans le motif du virement<\/p>\n<p>Vous trouverez plus d\u2019informations sur nos cours d\u2019italien et sur les \u00e9v\u00e8nements en langue italienne sur la <strong>page d\u2019accueil<\/strong> de notre site, <strong><span style=\"color: #0000ff;\"><a style=\"color: #0000ff;\" href=\"https:\/\/ladante.fr\/paris\/\" target=\"_blank\" rel=\"noopener\">cliquez ici<\/a><\/span><\/strong> (fiche d\u2019inscription, calendrier, \u00e9v\u00e8nements \u00e0 venir et plus encore).<\/p>\n<p>Pour les cours en langue italienne et les conf\u00e9rences, vous trouverez les documents sur la colonne de gauche du site ( <strong><span class=\"pq6dq46d tbxw36s4 knj5qynh kvgmc6g5 ditlmg2l oygrvhab nvdbi5me sf5mxxl7 gl3lb2sf hhz5lgdu\"><img loading=\"lazy\" src=\"https:\/\/static.xx.fbcdn.net\/images\/emoji.php\/v9\/t52\/1.5\/16\/1f1ee_1f1f9.png\" alt=\"\ud83c\uddee\ud83c\uddf9\" width=\"16\" height=\"16\" \/>\u00a0\u00a0<\/span>COURS D\u2019ITALIEN\u00a0\u00a0<span class=\"pq6dq46d tbxw36s4 knj5qynh kvgmc6g5 ditlmg2l oygrvhab nvdbi5me sf5mxxl7 gl3lb2sf hhz5lgdu\"><img loading=\"lazy\" src=\"https:\/\/static.xx.fbcdn.net\/images\/emoji.php\/v9\/t52\/1.5\/16\/1f1ee_1f1f9.png\" alt=\"\ud83c\uddee\ud83c\uddf9\" width=\"16\" height=\"16\" \/><\/span>\u00a0\u00a0<\/strong> <strong><span class=\"pq6dq46d tbxw36s4 knj5qynh kvgmc6g5 ditlmg2l oygrvhab nvdbi5me sf5mxxl7 gl3lb2sf hhz5lgdu\"><img loading=\"lazy\" src=\"https:\/\/static.xx.fbcdn.net\/images\/emoji.php\/v9\/t7b\/1.5\/16\/2728.png\" alt=\"\u2728\" width=\"16\" height=\"16\" \/><\/span><span class=\"_5mfr\"><span class=\"_6qdm\">\u00a0<\/span><\/span>ANN\u00c9E 2025-2026 <span class=\"pq6dq46d tbxw36s4 knj5qynh kvgmc6g5 ditlmg2l oygrvhab nvdbi5me sf5mxxl7 gl3lb2sf hhz5lgdu\"><img loading=\"lazy\" src=\"https:\/\/static.xx.fbcdn.net\/images\/emoji.php\/v9\/t7b\/1.5\/16\/2728.png\" alt=\"\u2728\" width=\"16\" height=\"16\" \/><\/span><\/strong>).<\/p>\n<p>N\u2019h\u00e9sitez pas \u00e9galement \u00e0 visiter la page d\u00e9di\u00e9e aux <span style=\"color: #0000ff;\"><a style=\"color: #0000ff;\" href=\"https:\/\/ladante.fr\/paris\/cours-d-italien-paris\/\" target=\"_blank\" rel=\"noopener\"><strong>cours de langue et culture italienne<\/strong><\/a><\/span> (corsi di langua e cultura italiana) o\u00f9 vous trouverez les modalit\u00e9s et d\u00e9lais d\u2019acc\u00e8s \u00e0 nos cours, tous les programmes par niveaux ainsi que les tarifs des cours collectifs et individuels, <strong><a href=\"https:\/\/ladante.fr\/paris\/cours-d-italien-paris\/\" target=\"_blank\" rel=\"noopener\"><span style=\"color: #0000ff;\">cliquez ici<\/span><\/a><\/strong>.<\/p>[\/vc_column_text][\/vc_column][\/vc_row][vc_row][vc_column][vc_column_text]<\/p>\n<h5>[\/vc_column_text][\/vc_column][\/vc_row][vc_row][vc_column][vc_column_text]<\/h5>\n<h5>[\/vc_column_text][\/vc_column][\/vc_row][vc_row][vc_column][vc_column_text]<\/h5>\n<h5>[\/vc_column_text][\/vc_column][\/vc_row][vc_row][vc_column][vc_column_text]<\/h5>\n<h5>[\/vc_column_text][\/vc_column][\/vc_row][vc_row][vc_column][vc_column_text]<\/h5>\n\n\n<p><\/p>\n[\/vc_column_text][\/vc_column][\/vc_row]","protected":false},"excerpt":{"rendered":"<p>[vc_row][vc_column][vc_column_text] \u00a0 COURS D&rsquo;ITALIEN A PARIS \u2728 2EME SEMESTRE \u00c0 PARTIR DU LUNDI 2 FEVRIER 2026\u00a0 : TOUS LES NIVEAUX &#8211; CONVERSATION\u00a0 B\/C &#8211; CERTIFICATION PLIDA ( PLIDA B1 per la cittadinanza italiana) \u2757\ufe0f Inscrivez vous\u00a0\u00e0 nos cours d&rsquo;italien \u00e0 Paris\u00a0\ud83d\udc49 fiche d&rsquo;inscription 2025-2026 ICI Planning 2\u00e8me semestre cours d&rsquo;italien 2025-2026\u00a0 \u00a0 \u00a0 \u00a0 \u00a0\u00a0Le [&hellip;]<\/p>\n","protected":false},"author":1,"featured_media":0,"parent":15,"menu_order":0,"comment_status":"closed","ping_status":"closed","template":"","meta":{"disable_featured_image":false,"_themeisle_gutenberg_block_has_review":false},"yoast_head":"<!-- This site is optimized with the Yoast SEO plugin v20.1 - https:\/\/yoast.com\/wordpress\/plugins\/seo\/ -->\n<title>D\u00e9couvrez nos cours d&#039;italien \u00e0 Paris !<\/title>\n<meta name=\"description\" content=\"Cours collectifs et individuels tous niveaux, cours de conversation, certification PLIDA (B1) au centre de Paris.\" \/>\n<meta name=\"robots\" content=\"index, follow, max-snippet:-1, max-image-preview:large, max-video-preview:-1\" \/>\n<link rel=\"canonical\" href=\"https:\/\/ladante.fr\/paris\/cours-d-italien-paris\/cours-italien-a-paris\/\" \/>\n<meta property=\"og:locale\" content=\"fr_FR\" \/>\n<meta property=\"og:type\" content=\"article\" \/>\n<meta property=\"og:title\" content=\"D\u00e9couvrez nos cours d&#039;italien \u00e0 Paris !\" \/>\n<meta property=\"og:description\" content=\"Cours collectifs et individuels tous niveaux, cours de conversation, certification PLIDA (B1) au centre de Paris.\" \/>\n<meta property=\"og:url\" content=\"https:\/\/ladante.fr\/paris\/cours-d-italien-paris\/cours-italien-a-paris\/\" \/>\n<meta property=\"og:site_name\" content=\"La Dante - Comit\u00e9 de Paris\" \/>\n<meta property=\"article:modified_time\" content=\"2026-02-12T18:27:04+00:00\" \/>\n<meta property=\"og:image\" content=\"https:\/\/ladante.fr\/wp-content\/uploads\/2022\/06\/Decouvrir-et-apprendre-la-langue-italienne-a-Paris.jpg\" \/>\n<meta name=\"twitter:card\" content=\"summary_large_image\" \/>\n<meta name=\"twitter:label1\" content=\"Dur\u00e9e de lecture estim\u00e9e\" \/>\n\t<meta name=\"twitter:data1\" content=\"5 minutes\" \/>\n<script type=\"application\/ld+json\" class=\"yoast-schema-graph\">{\"@context\":\"https:\/\/schema.org\",\"@graph\":[{\"@type\":\"WebPage\",\"@id\":\"https:\/\/ladante.fr\/paris\/cours-d-italien-paris\/cours-italien-a-paris\/\",\"url\":\"https:\/\/ladante.fr\/paris\/cours-d-italien-paris\/cours-italien-a-paris\/\",\"name\":\"D\u00e9couvrez nos cours d'italien \u00e0 Paris !\",\"isPartOf\":{\"@id\":\"https:\/\/ladante.fr\/paris\/#website\"},\"datePublished\":\"2023-10-18T14:33:13+00:00\",\"dateModified\":\"2026-02-12T18:27:04+00:00\",\"description\":\"Cours collectifs et individuels tous niveaux, cours de conversation, certification PLIDA (B1) au centre de Paris.\",\"breadcrumb\":{\"@id\":\"https:\/\/ladante.fr\/paris\/cours-d-italien-paris\/cours-italien-a-paris\/#breadcrumb\"},\"inLanguage\":\"fr-FR\",\"potentialAction\":[{\"@type\":\"ReadAction\",\"target\":[\"https:\/\/ladante.fr\/paris\/cours-d-italien-paris\/cours-italien-a-paris\/\"]}]},{\"@type\":\"BreadcrumbList\",\"@id\":\"https:\/\/ladante.fr\/paris\/cours-d-italien-paris\/cours-italien-a-paris\/#breadcrumb\",\"itemListElement\":[{\"@type\":\"ListItem\",\"position\":1,\"name\":\"Accueil\",\"item\":\"https:\/\/ladante.fr\/paris\/\"},{\"@type\":\"ListItem\",\"position\":2,\"name\":\"COURS D&rsquo;ITALIEN A PARIS\",\"item\":\"https:\/\/ladante.fr\/paris\/cours-d-italien-paris\/\"},{\"@type\":\"ListItem\",\"position\":3,\"name\":\"Cours d&rsquo;italien \u00e0 Paris\"}]},{\"@type\":\"WebSite\",\"@id\":\"https:\/\/ladante.fr\/paris\/#website\",\"url\":\"https:\/\/ladante.fr\/paris\/\",\"name\":\"La Dante - Comit\u00e9 de Paris\",\"description\":\"\",\"potentialAction\":[{\"@type\":\"SearchAction\",\"target\":{\"@type\":\"EntryPoint\",\"urlTemplate\":\"https:\/\/ladante.fr\/paris\/?s={search_term_string}\"},\"query-input\":\"required name=search_term_string\"}],\"inLanguage\":\"fr-FR\"}]}<\/script>\n<!-- \/ Yoast SEO plugin. -->","yoast_head_json":{"title":"D\u00e9couvrez nos cours d'italien \u00e0 Paris !","description":"Cours collectifs et individuels tous niveaux, cours de conversation, certification PLIDA (B1) au centre de Paris.","robots":{"index":"index","follow":"follow","max-snippet":"max-snippet:-1","max-image-preview":"max-image-preview:large","max-video-preview":"max-video-preview:-1"},"canonical":"https:\/\/ladante.fr\/paris\/cours-d-italien-paris\/cours-italien-a-paris\/","og_locale":"fr_FR","og_type":"article","og_title":"D\u00e9couvrez nos cours d'italien \u00e0 Paris !","og_description":"Cours collectifs et individuels tous niveaux, cours de conversation, certification PLIDA (B1) au centre de Paris.","og_url":"https:\/\/ladante.fr\/paris\/cours-d-italien-paris\/cours-italien-a-paris\/","og_site_name":"La Dante - Comit\u00e9 de Paris","article_modified_time":"2026-02-12T18:27:04+00:00","og_image":[{"url":"https:\/\/ladante.fr\/wp-content\/uploads\/2022\/06\/Decouvrir-et-apprendre-la-langue-italienne-a-Paris.jpg"}],"twitter_card":"summary_large_image","twitter_misc":{"Dur\u00e9e de lecture estim\u00e9e":"5 minutes"},"schema":{"@context":"https:\/\/schema.org","@graph":[{"@type":"WebPage","@id":"https:\/\/ladante.fr\/paris\/cours-d-italien-paris\/cours-italien-a-paris\/","url":"https:\/\/ladante.fr\/paris\/cours-d-italien-paris\/cours-italien-a-paris\/","name":"D\u00e9couvrez nos cours d'italien \u00e0 Paris !","isPartOf":{"@id":"https:\/\/ladante.fr\/paris\/#website"},"datePublished":"2023-10-18T14:33:13+00:00","dateModified":"2026-02-12T18:27:04+00:00","description":"Cours collectifs et individuels tous niveaux, cours de conversation, certification PLIDA (B1) au centre de Paris.","breadcrumb":{"@id":"https:\/\/ladante.fr\/paris\/cours-d-italien-paris\/cours-italien-a-paris\/#breadcrumb"},"inLanguage":"fr-FR","potentialAction":[{"@type":"ReadAction","target":["https:\/\/ladante.fr\/paris\/cours-d-italien-paris\/cours-italien-a-paris\/"]}]},{"@type":"BreadcrumbList","@id":"https:\/\/ladante.fr\/paris\/cours-d-italien-paris\/cours-italien-a-paris\/#breadcrumb","itemListElement":[{"@type":"ListItem","position":1,"name":"Accueil","item":"https:\/\/ladante.fr\/paris\/"},{"@type":"ListItem","position":2,"name":"COURS D&rsquo;ITALIEN A PARIS","item":"https:\/\/ladante.fr\/paris\/cours-d-italien-paris\/"},{"@type":"ListItem","position":3,"name":"Cours d&rsquo;italien \u00e0 Paris"}]},{"@type":"WebSite","@id":"https:\/\/ladante.fr\/paris\/#website","url":"https:\/\/ladante.fr\/paris\/","name":"La Dante - Comit\u00e9 de Paris","description":"","potentialAction":[{"@type":"SearchAction","target":{"@type":"EntryPoint","urlTemplate":"https:\/\/ladante.fr\/paris\/?s={search_term_string}"},"query-input":"required name=search_term_string"}],"inLanguage":"fr-FR"}]}},"_links":{"self":[{"href":"https:\/\/ladante.fr\/paris\/wp-json\/wp\/v2\/pages\/5534"}],"collection":[{"href":"https:\/\/ladante.fr\/paris\/wp-json\/wp\/v2\/pages"}],"about":[{"href":"https:\/\/ladante.fr\/paris\/wp-json\/wp\/v2\/types\/page"}],"author":[{"embeddable":true,"href":"https:\/\/ladante.fr\/paris\/wp-json\/wp\/v2\/users\/1"}],"replies":[{"embeddable":true,"href":"https:\/\/ladante.fr\/paris\/wp-json\/wp\/v2\/comments?post=5534"}],"version-history":[{"count":34,"href":"https:\/\/ladante.fr\/paris\/wp-json\/wp\/v2\/pages\/5534\/revisions"}],"predecessor-version":[{"id":6739,"href":"https:\/\/ladante.fr\/paris\/wp-json\/wp\/v2\/pages\/5534\/revisions\/6739"}],"up":[{"embeddable":true,"href":"https:\/\/ladante.fr\/paris\/wp-json\/wp\/v2\/pages\/15"}],"wp:attachment":[{"href":"https:\/\/ladante.fr\/paris\/wp-json\/wp\/v2\/media?parent=5534"}],"curies":[{"name":"wp","href":"https:\/\/api.w.org\/{rel}","templated":true}]}}