{"id":58,"date":"2017-12-03T14:41:07","date_gmt":"2017-12-03T13:41:07","guid":{"rendered":"http:\/\/la-dante.fr\/?page_id=58"},"modified":"2017-12-03T14:41:07","modified_gmt":"2017-12-03T13:41:07","slug":"notre-histoire","status":"publish","type":"page","link":"https:\/\/ladante.fr\/paris\/notre-histoire\/","title":{"rendered":"NOTRE HISTOIRE"},"content":{"rendered":"<p>[vc_row][vc_column][vc_column_text]<\/p>\n<p style=\"margin-bottom: -1%; font-family: Helvetica, Arial, 'Open sans'; font-size: 2em; font-weight: 400; color: #bc432b; text-transform: uppercase; border-bottom: 2px solid #bc432b; text-align: left;\">notre histoire<\/p>\n<p>[\/vc_column_text][vc_column_text]<\/p>\n<p style=\"text-align: justify;\">La Societ\u00e0 Dante Alighieri est le r\u00e9seau op\u00e9rationnel cr\u00e9\u00e9 d\u00e8s 1889 pour diffuser la langue et la culture italiennes. Elle r\u00e9unit aujourd\u2019hui environ 500 Comit\u00e9s op\u00e9rant dans le monde entier, sous la coordination du Si\u00e8ge Central du Palazzo Firenze de Rome. L\u2019histoire du Comit\u00e9 de Paris de la Societ\u00e0 Dante Alighieri commence en 1902, quand il fut fond\u00e9 sous la pr\u00e9sidence du Comte Francesco Melzi d\u2019Eril.<\/p>\n<p style=\"text-align: justify;\">Au cours de ses premi\u00e8res ann\u00e9es, la Dante de Paris a vu se succ\u00e9der \u00e0 sa pr\u00e9sidence diff\u00e9rentes personnalit\u00e9s dont la culture et le prestige ont beaucoup favoris\u00e9 le volume et la qualit\u00e9 des \u00e9changes culturels, notamment entre les artistes et le monde universitaire de l\u2019\u00e9poque.<\/p>\n<p style=\"text-align: justify;\">En 1912, c\u2019est S.Exc. Tommaso Tittoni qui fut \u00e9lu Pr\u00e9sident d\u2019Honneur, le Comte Candido Sabini \u00e9tant Pr\u00e9sident effectif, lui-m\u00eame remplac\u00e9 l\u2019ann\u00e9e suivante par le Comte Renato Avoglitrotti.<\/p>\n<p style=\"text-align: justify;\">Parmi les nombreuses activit\u00e9s de l\u2019\u00e9poque, on peut rappeler la conf\u00e9rence d\u2019un grand juriste criminaliste, Ma\u00eetre Arturo Vecchini, qui s\u2019exprima avec ferveur patriotique sur le th\u00e8me \u00ab L\u2019Italie et la France \u00bb, devant un public nombreux dont l\u2019Ambassadeur Tittoni et le Pr\u00e9sident du Conseil fran\u00e7ais, M. Louis Barthou.<\/p>\n<p style=\"text-align: justify;\">Le d\u00e9but de la Premi\u00e8re Guerre mondiale entra\u00eena la dissolution du Comit\u00e9.<\/p>\n<p style=\"text-align: justify;\">D\u00e8s 1921, M. Zaccagnini, Secr\u00e9taire G\u00e9n\u00e9ral de la Societ\u00e0 Dante Alighieri, et S.Exc. Luigi Monzoni entam\u00e8rent une correspondance destin\u00e9e \u00e0 jeter les bases pour la reconstitution du Comit\u00e9. Celle-ci n\u2019aura lieu cependant qu\u2019en 1930 sous la pr\u00e9sidence du Comte Britannio Solero del Borgo avec le po\u00e8te Lionello Fiumi comme Secr\u00e9taire.<\/p>\n<p style=\"text-align: justify;\">Parmi les activit\u00e9s principales du Comit\u00e9 de Paris ainsi ressuscit\u00e9, il faut citer l\u2019enseignement de l\u2019italien. Les cours de langue et de litt\u00e9rature italiennes d\u2019Alfonso Fiorentino remport\u00e8rent un grand succ\u00e8s, ainsi que les cours sur l\u2019art florentin donn\u00e9s par l\u2019italianiste Henry Hamaide.<\/p>\n<p style=\"text-align: justify;\">C\u2019est \u00e9galement en 1930 que l\u2019on fit don au Comit\u00e9 parisien d\u2019un buste de l\u2019inoubliable Pr\u00e9sident Paolo Boselli. C\u2019est le D\u00e9put\u00e9 Eugenio Coselschi qui fit l\u2019\u00e9loge de M. Boselli, en pr\u00e9sence de l\u2019Ambassadeur Pignatti Morano di Custoza et du Pr\u00e9sident de la Societ\u00e0 Dante Alighieri, le baron Celesia di Vegliasco.<\/p>\n<p style=\"text-align: justify;\">Les conf\u00e9rences les plus fameuses de l\u2019\u00e9poque restent celles du D\u00e9put\u00e9 Ciarlantini sur \u00ab Les exp\u00e9riences d\u2019un Italien en voyage \u00bb, celle de S.Exc. Martinetti sur \u00ab La sensibilit\u00e9 des machines \u00bb et celle du c\u00e9l\u00e8bre italianiste Gabriel Faure sur \u00ab Alfred de Musset et l\u2019Italie \u00bb.<\/p>\n<p style=\"text-align: justify;\">Le Capitaine Camillo Marabini fut \u00e9lu Pr\u00e9sident en 1934.<\/p>\n<p style=\"text-align: justify;\">En 1936, un groupe de membres du Comit\u00e9 fut re\u00e7u en audience particuli\u00e8re \u00e0 Castelgandolfo par le Souverain Pontife.<\/p>\n<p style=\"text-align: justify;\">Le Pr\u00e9sident Marabini accorda une grande importance aux activit\u00e9s culturelles et aux conf\u00e9rences, comme celle du D\u00e9put\u00e9 Ezio Maria Gray \u00ab Perch\u00e9 non ci amano, perch\u00e9 ci ameranno \u00bb, ou celle du D\u00e9put\u00e9 Pelizzari \u00ab Ricordi di un combattente \u00bb, ou celle du Professeur Arturo Marpicati sur \u00ab Carducci, poeta di Mussolini \u00bb.<\/p>\n<p style=\"text-align: justify;\">En 1938, apr\u00e8s la d\u00e9mission de M. Camillo Marabini, c\u2019est G.B. Angioletti qui fut \u00e9lu, suivi en 1941 par le Baron Ma\u00eetre Paolo Indelli, \u00e0 qui l\u2019on doit l\u2019institution des cours de langue italienne effectu\u00e9s sous la direction du Professeur Guala.<\/p>\n<p style=\"text-align: justify;\">Parmi les \u00e9v\u00e9nements du d\u00e9but des ann\u00e9es 40, on peut citer l\u2019hommage \u00e0 Gabriele d\u2019Annunzio qui fut prononc\u00e9 par M. Paolo Indelli, en pr\u00e9sence des autorit\u00e9s politiques et diplomatiques et de la veuve du po\u00e8te : Madame Maria d\u2019Annunzio, princesse de Montenevoso.<\/p>\n<p style=\"text-align: justify;\">En 1945, le Comit\u00e9 n\u2019existait pratiquement plus. C\u2019est le Professeur Henri Bedarida, charg\u00e9 de le reconstituer, qui sera \u00e9lu Pr\u00e9sident.<\/p>\n<p style=\"text-align: justify;\">Apr\u00e8s sa d\u00e9mission en 1949, et la r\u00e9gence de M. Guglielmo di Consiglio qui dura jusqu\u2019en 1951, c\u2019est l\u2019Ambassadeur Comte Charles de Chambrun qui fut \u00e9lu ; le Professeur Andr\u00e9 Pezard lui succ\u00e9da en 1953.<\/p>\n<p style=\"text-align: justify;\">Parmi les nombreuses activit\u00e9s qui marqu\u00e8rent les ann\u00e9es 50, il faut rappeler la conf\u00e9rence de la tr\u00e8s c\u00e9l\u00e8bre Duchesse de la Rochefoucauld sur Marguerite de Valois, celle du Professeur Torquato Carlo Giannini sur le th\u00e8me \u00ab Dante \u00e8 stato a Parigi ? \u00bb, et celle d\u2019Andr\u00e9 Maurois sur Victor Hugo.<\/p>\n<p style=\"text-align: justify;\">En 1960, devint Pr\u00e9sident M. Gianni Cortese, auquel le Si\u00e8ge Central de la Societ\u00e0 Dante Alighieri d\u00e9cernera par la suite un titre de m\u00e9rite accompagn\u00e9 d\u2019une m\u00e9daille d\u2019or, pour son incessante activit\u00e9 en faveur du Comit\u00e9. Pr\u00e9sident d\u2019Honneur : l\u2019Ambassadeur Manlio Brosio.<\/p>\n<p style=\"text-align: justify;\">Pendant les vingt-six ans de la tr\u00e8s longue pr\u00e9sidence de M. Cortese, qui ne se termina qu\u2019avec son d\u00e9c\u00e8s en 1986, l\u2019activit\u00e9 culturelle fut toujours tr\u00e8s intense. Il organisa de nombreux concerts et conf\u00e9rences, et notamment favorisa l\u2019octroi de bourses de la part du Si\u00e8ge Central de Rome en faveur des \u00e9l\u00e8ves m\u00e9ritants.<\/p>\n<p style=\"text-align: justify;\">De 1986 \u00e0 1993, c\u2019est le Professeur Andr\u00e9 Orsini qui fut Pr\u00e9sident, remplac\u00e9 \u00e0 partir de 1993 par le Professeur Fran\u00e7ois Pitti-Ferrandi.<\/p>\n<p style=\"text-align: justify;\">En 1997, le prestigieux journaliste et \u00e9crivain Gilles Martinet, ancien Ambassadeur de France en Italie, devint Pr\u00e9sident. Avec l\u2019accord et le soutien de S.Exc. Sergio Vento, Ambassadeur d\u2019Italie de l\u2019\u00e9poque, il se consacra notamment \u00e0 une action de promotion de l\u2019enseignement de la langue italienne dans les \u00e9coles fran\u00e7aises.<\/p>\n<p style=\"text-align: justify;\">En 1999, nomm\u00e9 Pr\u00e9sident d\u2019Honneur, S.Exc. Gilles Martinet laissa sa place \u00e0 Jacques Andr\u00e9ani, Ambassadeur de France, qui avait d\u00e9j\u00e0 \u00e9t\u00e9 son successeur au Palais Farn\u00e8se de Rome.<\/p>\n<p style=\"text-align: justify;\">En d\u00e9cembre 1999, \u00e0 la Maison de l\u2019Am\u00e9rique Latine de Paris, eut lieu la pr\u00e9sentation du volume bilingue \u00ab Une amiti\u00e9 difficile. Entretiens sur deux si\u00e8cles de relations franco-italiennes \u00bb, o\u00f9 Gilles Martinet et Sergio Romano r\u00e9pondaient aux questions de Michele Canonica. Ancien envoy\u00e9 sp\u00e9cial de grands journaux italiens, M. Canonica \u00e9tait \u00e0 l\u2019\u00e9poque Directeur de la Communication de la Chambre de Commerce Italienne pour la France et Directeur de la revue \u00ab France Italie \u00bb.<\/p>\n<p style=\"text-align: justify;\">En 2007, S.Exc. Jacques Andr\u00e9ani devient le Pr\u00e9sident d\u2019Honneur de la Dante de Paris, et M. Michele Canonica en assume la pr\u00e9sidence. Le premier rendez-vous culturel organis\u00e9 par cette nouvelle pr\u00e9sidence est consacr\u00e9, en octobre 2007, \u00e0 l\u2019anniversaire de la disparition de Gilles Martinet.<\/p>\n<p>[\/vc_column_text][\/vc_column][\/vc_row]<\/p>\n","protected":false},"excerpt":{"rendered":"<p>[vc_row][vc_column][vc_column_text] notre histoire [\/vc_column_text][vc_column_text] La Societ\u00e0 Dante Alighieri est le r\u00e9seau op\u00e9rationnel cr\u00e9\u00e9 d\u00e8s 1889 pour diffuser la langue et la culture italiennes. Elle r\u00e9unit aujourd\u2019hui environ 500 Comit\u00e9s op\u00e9rant dans le monde entier, sous la coordination du Si\u00e8ge Central du Palazzo Firenze de Rome. L\u2019histoire du Comit\u00e9 de Paris de la Societ\u00e0 Dante Alighieri [&hellip;]<\/p>\n","protected":false},"author":4,"featured_media":0,"parent":0,"menu_order":0,"comment_status":"closed","ping_status":"closed","template":"","meta":{"disable_featured_image":false,"_themeisle_gutenberg_block_has_review":false},"yoast_head":"<!-- This site is optimized with the Yoast SEO plugin v20.1 - https:\/\/yoast.com\/wordpress\/plugins\/seo\/ -->\n<title>NOTRE HISTOIRE - La Dante - Comit\u00e9 de Paris<\/title>\n<meta name=\"robots\" content=\"index, follow, max-snippet:-1, max-image-preview:large, max-video-preview:-1\" \/>\n<link rel=\"canonical\" href=\"https:\/\/ladante.fr\/paris\/notre-histoire\/\" \/>\n<meta property=\"og:locale\" content=\"fr_FR\" \/>\n<meta property=\"og:type\" content=\"article\" \/>\n<meta property=\"og:title\" content=\"NOTRE HISTOIRE - La Dante - Comit\u00e9 de Paris\" \/>\n<meta property=\"og:description\" content=\"[vc_row][vc_column][vc_column_text] notre histoire [\/vc_column_text][vc_column_text] La Societ\u00e0 Dante Alighieri est le r\u00e9seau op\u00e9rationnel cr\u00e9\u00e9 d\u00e8s 1889 pour diffuser la langue et la culture italiennes. Elle r\u00e9unit aujourd\u2019hui environ 500 Comit\u00e9s op\u00e9rant dans le monde entier, sous la coordination du Si\u00e8ge Central du Palazzo Firenze de Rome. L\u2019histoire du Comit\u00e9 de Paris de la Societ\u00e0 Dante Alighieri [&hellip;]\" \/>\n<meta property=\"og:url\" content=\"https:\/\/ladante.fr\/paris\/notre-histoire\/\" \/>\n<meta property=\"og:site_name\" content=\"La Dante - Comit\u00e9 de Paris\" \/>\n<meta name=\"twitter:card\" content=\"summary_large_image\" \/>\n<meta name=\"twitter:label1\" content=\"Dur\u00e9e de lecture estim\u00e9e\" \/>\n\t<meta name=\"twitter:data1\" content=\"6 minutes\" \/>\n<script type=\"application\/ld+json\" class=\"yoast-schema-graph\">{\"@context\":\"https:\/\/schema.org\",\"@graph\":[{\"@type\":\"WebPage\",\"@id\":\"https:\/\/ladante.fr\/paris\/notre-histoire\/\",\"url\":\"https:\/\/ladante.fr\/paris\/notre-histoire\/\",\"name\":\"NOTRE HISTOIRE - La Dante - Comit\u00e9 de Paris\",\"isPartOf\":{\"@id\":\"https:\/\/ladante.fr\/paris\/#website\"},\"datePublished\":\"2017-12-03T13:41:07+00:00\",\"dateModified\":\"2017-12-03T13:41:07+00:00\",\"breadcrumb\":{\"@id\":\"https:\/\/ladante.fr\/paris\/notre-histoire\/#breadcrumb\"},\"inLanguage\":\"fr-FR\",\"potentialAction\":[{\"@type\":\"ReadAction\",\"target\":[\"https:\/\/ladante.fr\/paris\/notre-histoire\/\"]}]},{\"@type\":\"BreadcrumbList\",\"@id\":\"https:\/\/ladante.fr\/paris\/notre-histoire\/#breadcrumb\",\"itemListElement\":[{\"@type\":\"ListItem\",\"position\":1,\"name\":\"Accueil\",\"item\":\"https:\/\/ladante.fr\/paris\/\"},{\"@type\":\"ListItem\",\"position\":2,\"name\":\"NOTRE HISTOIRE\"}]},{\"@type\":\"WebSite\",\"@id\":\"https:\/\/ladante.fr\/paris\/#website\",\"url\":\"https:\/\/ladante.fr\/paris\/\",\"name\":\"La Dante - Comit\u00e9 de Paris\",\"description\":\"\",\"potentialAction\":[{\"@type\":\"SearchAction\",\"target\":{\"@type\":\"EntryPoint\",\"urlTemplate\":\"https:\/\/ladante.fr\/paris\/?s={search_term_string}\"},\"query-input\":\"required name=search_term_string\"}],\"inLanguage\":\"fr-FR\"}]}<\/script>\n<!-- \/ Yoast SEO plugin. -->","yoast_head_json":{"title":"NOTRE HISTOIRE - La Dante - Comit\u00e9 de Paris","robots":{"index":"index","follow":"follow","max-snippet":"max-snippet:-1","max-image-preview":"max-image-preview:large","max-video-preview":"max-video-preview:-1"},"canonical":"https:\/\/ladante.fr\/paris\/notre-histoire\/","og_locale":"fr_FR","og_type":"article","og_title":"NOTRE HISTOIRE - La Dante - Comit\u00e9 de Paris","og_description":"[vc_row][vc_column][vc_column_text] notre histoire [\/vc_column_text][vc_column_text] La Societ\u00e0 Dante Alighieri est le r\u00e9seau op\u00e9rationnel cr\u00e9\u00e9 d\u00e8s 1889 pour diffuser la langue et la culture italiennes. Elle r\u00e9unit aujourd\u2019hui environ 500 Comit\u00e9s op\u00e9rant dans le monde entier, sous la coordination du Si\u00e8ge Central du Palazzo Firenze de Rome. L\u2019histoire du Comit\u00e9 de Paris de la Societ\u00e0 Dante Alighieri [&hellip;]","og_url":"https:\/\/ladante.fr\/paris\/notre-histoire\/","og_site_name":"La Dante - Comit\u00e9 de Paris","twitter_card":"summary_large_image","twitter_misc":{"Dur\u00e9e de lecture estim\u00e9e":"6 minutes"},"schema":{"@context":"https:\/\/schema.org","@graph":[{"@type":"WebPage","@id":"https:\/\/ladante.fr\/paris\/notre-histoire\/","url":"https:\/\/ladante.fr\/paris\/notre-histoire\/","name":"NOTRE HISTOIRE - La Dante - Comit\u00e9 de Paris","isPartOf":{"@id":"https:\/\/ladante.fr\/paris\/#website"},"datePublished":"2017-12-03T13:41:07+00:00","dateModified":"2017-12-03T13:41:07+00:00","breadcrumb":{"@id":"https:\/\/ladante.fr\/paris\/notre-histoire\/#breadcrumb"},"inLanguage":"fr-FR","potentialAction":[{"@type":"ReadAction","target":["https:\/\/ladante.fr\/paris\/notre-histoire\/"]}]},{"@type":"BreadcrumbList","@id":"https:\/\/ladante.fr\/paris\/notre-histoire\/#breadcrumb","itemListElement":[{"@type":"ListItem","position":1,"name":"Accueil","item":"https:\/\/ladante.fr\/paris\/"},{"@type":"ListItem","position":2,"name":"NOTRE HISTOIRE"}]},{"@type":"WebSite","@id":"https:\/\/ladante.fr\/paris\/#website","url":"https:\/\/ladante.fr\/paris\/","name":"La Dante - Comit\u00e9 de Paris","description":"","potentialAction":[{"@type":"SearchAction","target":{"@type":"EntryPoint","urlTemplate":"https:\/\/ladante.fr\/paris\/?s={search_term_string}"},"query-input":"required name=search_term_string"}],"inLanguage":"fr-FR"}]}},"_links":{"self":[{"href":"https:\/\/ladante.fr\/paris\/wp-json\/wp\/v2\/pages\/58"}],"collection":[{"href":"https:\/\/ladante.fr\/paris\/wp-json\/wp\/v2\/pages"}],"about":[{"href":"https:\/\/ladante.fr\/paris\/wp-json\/wp\/v2\/types\/page"}],"author":[{"embeddable":true,"href":"https:\/\/ladante.fr\/paris\/wp-json\/wp\/v2\/users\/4"}],"replies":[{"embeddable":true,"href":"https:\/\/ladante.fr\/paris\/wp-json\/wp\/v2\/comments?post=58"}],"version-history":[{"count":0,"href":"https:\/\/ladante.fr\/paris\/wp-json\/wp\/v2\/pages\/58\/revisions"}],"wp:attachment":[{"href":"https:\/\/ladante.fr\/paris\/wp-json\/wp\/v2\/media?parent=58"}],"curies":[{"name":"wp","href":"https:\/\/api.w.org\/{rel}","templated":true}]}}